85620*a - 5784290. Determine g(-15).
10
Let i(q) = -197*q - 2042. Calculate i(-10).
-72
Let s(j) = -215596*j + 4096299. What is s(19)?
-25
Let g(p) = -p**3 + 13*p**2 - 154*p + 1298. What is g(9)?
236
Let x(v) = 3*v**2 + 183*v - 3277. Calculate x(-76).
143
Let c(s) = -s**3 + 25*s**2 - 640*s + 14554. What is c(24)?
-230
Let c(l) = -49*l**2 - 150*l - 198. What is c(5)?
-2173
Let n(g) = 189*g**2 - 119*g + 132. Determine n(1).
202
Let l(i) = 95*i**2 - 1516*i - 1616. What is l(17)?
67
Let i(h) = 5*h**3 + 92*h**2 - 17*h - 961. Calculate i(-18).
-7
Let m(v) = -31*v**2 - 733*v + 2982. Determine m(4).
-446
Let z(h) = -26039*h - 76268239. Determine z(-2929).
-8
Let i(x) = -58308*x + 1982466. What is i(34)?
-6
Let d(o) = -o**3 + 76*o**2 - 221*o - 460. What is d(73)?
-606
Let o(s) = -13*s**3 + 38*s**2 - 34*s - 65. Calculate o(2).
-85
Let c(v) = -1011*v + 59874. Determine c(59).
225
Let a(o) = 87*o + 11387. Determine a(-134).
-271
Let v(m) = 2*m**3 - 50*m**2 - 1801*m + 9. Give v(45).
-36
Let v(u) = 162*u**2 + 4731*u + 952. Calculate v(-29).
-5
Let d(x) = -105*x**2 + 742*x - 35. Give d(7).
14
Let u(q) = 9724*q + 262538. Calculate u(-27).
-10
Let l(i) = i**2 - 655*i + 3857. Give l(6).
-37
Let b(w) = 3129*w - 53215. Give b(17).
-22
Let o(v) = -226*v + 25186. Determine o(94).
3942
Let v(d) = -4*d**3 - 68*d**2 + 121*d + 2008. What is v(-17)?
-49
Let z(t) = -8*t**3 + 23*t**2 + 161*t + 108. Give z(-6).
1698
Let z(a) = -2*a**3 - 50*a**2 - 142*a - 213. Give z(-22).
7
Let p(a) = -a**3 + 2*a**2 + 15*a - 23. Give p(0).
-23
Let f(b) = -3*b**3 - 23*b**2 + 42*b + 318. Determine f(-10).
598
Let u(g) = -4*g**3 + 10*g**2 + 100*g - 45. Calculate u(6).
51
Let s(m) = m**2 - 41557*m + 1743626. What is s(42)?
-4
Let t(k) = -2*k**3 + 16*k**2 + 7*k - 140. Give t(6).
46
Let z(w) = w**3 - 3*w**2 + 42*w + 355. Calculate z(-4).
75
Let m(x) = -7*x**3 - 109*x**2 + 370*x + 5144. Give m(-16).
-8
Let n(f) = 83*f**2 + 62*f + 346. Give n(-5).
2111
Let c(k) = 4*k**3 - 65*k**2 - 1339*k + 196. What is c(-12)?
-8
Let i(y) = 60416*y + 483331. Give i(-8).
3
Let i(d) = 3*d**2 + 427*d + 5788. Determine i(-127).
-54
Let w(a) = -143*a - 25665. Determine w(-181).
218
Let k(s) = 2*s**3 + 1329*s**2 - 3069*s + 177423. What is k(-667)?
1
Let s(i) = -2*i**3 + 24*i**2 - 42*i - 53. Give s(8).
123
Let i(h) = -h**3 + 512*h**2 + 295*h + 111814. Calculate i(513).
-20
Let b(f) = -78*f**3 - 8659*f**2 - 116*f - 549. Determine b(-111).
6
Let t(l) = -6*l**3 + 112*l**2 - 71*l + 26. Give t(18).
44
Let h(z) = z**2 - 964*z + 154861. What is h(206)?
-1287
Let c(z) = 25*z**2 - 12048*z - 802. Determine c(482).
162
Let k(c) = -6114*c - 1797480. Determine k(-294).
36
Let n(v) = -4928*v - 64252. What is n(-14)?
4740
Let d(x) = -790*x - 1673. What is d(-2)?
-93
Let q(w) = -4*w**3 - 918*w**2 + 3247*w - 3502. Determine q(-233).
-7
Let o(c) = -c**3 + 30*c**2 - 44*c + 2693. Determine o(32).
-763
Let g(x) = -x**2 - 10774*x + 194248. What is g(18)?
-8
Let v(u) = u**3 - 15*u**2 - 724*u + 69. What is v(-20)?
549
Let j(m) = 23466*m + 915181. Calculate j(-39).
7
Let u(t) = 36323*t + 1198748. Calculate u(-33).
89
Let r(w) = -w**3 - 127*w**2 - 8206*w - 1042160. Calculate r(-127).
2
Let t(v) = -v**3 - 141*v**2 + 31*v + 4472. Give t(-141).
101
Let i(t) = -624*t + 660. Give i(2).
-588
Let q(h) = 188*h**2 + 29144*h + 647. Determine q(-155).
27
Let f(x) = -x**3 + 216*x**2 - 7113*x - 31958. Determine f(-4).
14
Let g(i) = 8*i**3 - 42*i**2 + 94*i - 22. What is g(2)?
62
Let m(r) = -r**3 - 22*r**2 - 142*r - 3099. Determine m(-22).
25
Let v(w) = w**3 - 133*w**2 - 133*w + 17552. Give v(133).
-137
Let h(u) = -65769*u - 27096826. What is h(-412)?
2
Let k(w) = 12278*w + 221009. Determine k(-18).
5
Let w(f) = -134*f**2 - 17706*f - 2372. Give w(-132).
4
Let f(n) = -46*n**2 - 7313*n + 7524. Calculate f(-160).
4
Let o(y) = 2*y**2 - 181642*y - 2361683. Give o(-13).
1
Let t(d) = 1752*d + 89457. Determine t(-51).
105
Let z(f) = 6539*f - 45818. What is z(7)?
-45
Let o(c) = 211*c + 17238. Determine o(-82).
-64
Let c(s) = -13516*s + 473094. Calculate c(35).
34
Let r(k) = 13*k**3 + 15*k**2 + 59*k + 494. What is r(-8)?
-5674
Let x(v) = v**3 + 99*v**2 + 565*v + 45765. Calculate x(-98).
-1
Let h(a) = -7469*a**2 + 154*a + 153. What is h(-1)?
-7470
Let j(m) = 4*m**3 + 31*m**2 + 1. Determine j(-7).
148
Let w(h) = -2234*h - 1123723. What is w(-503)?
-21
Let z(n) = -n**3 - 10*n**2 - 203*n - 2280. Calculate z(-11).
74
Let f(j) = j**2 - 83*j - 12365. Calculate f(-77).
-45
Let z(p) = -p**3 + 102*p**2 - 2421*p + 97. Determine z(65).
-943
Let q(d) = 3*d**2 + 17144*d + 24. Give q(0).
24
Let r(q) = -q**3 + 120*q**2 + 7641*q + 171. Give r(-46).
-59
Let h(m) = -53047*m + 1007912. What is h(19)?
19
Let w(h) = -438*h + 16489. Determine w(37).
283
Let u(r) = -51*r**2 - 204*r + 1382. Determine u(5).
-913
Let p(g) = 23026*g + 1565786. Calculate p(-68).
18
Let f(j) = j**2 - 57721*j + 115429. Determine f(2).
-9
Let w(j) = -2*j**3 + j**2 + 11*j + 3. Calculate w(-6).
405
Let t(i) = i**3 + 4*i**2 - 578*i + 1689. What is t(3)?
18
Let z(y) = -349*y**2 - 7399*y - 34. Give z(-21).
1436
Let q(s) = -7778*s - 61969. What is q(-8)?
255
Let n(w) = -2*w**3 + 1205*w**2 + 534*w + 41505. What is n(603)?
-102
Let n(f) = -14*f**2 - 10*f + 261. Determine n(4).
-3
Let o(h) = -107*h + 7767. Determine o(78).
-579
Let a(d) = d**3 + 123*d**2 - 8656*d - 35605. Determine a(53).
11
Let k(f) = f**3 + 126*f**2 + 125*f - 2484. Give k(-125).
-2484
Let m(z) = 2*z**2 + 103*z + 685. What is m(-6)?
139
Let w(p) = -2*p**2 - 3*p + 808. Determine w(-28).
-676
Let y(g) = -24*g + 2111. Give y(98).
-241
Let d(y) = -1698*y - 8518. What is d(-5)?
-28
Let c(q) = 27*q**2 - 69*q - 378. Calculate c(-5).
642
Let j(z) = -3*z**3 - 117*z**2 + 21*z - 101. Give j(-39).
-920
Let p(k) = -2*k**2 - 400*k + 3281. What is p(8)?
-47
Let s(a) = 18021*a + 126143. Give s(-7).
-4
Let a(w) = -62*w**2 + 567*w - 198. What is a(9)?
-117
Let j(x) = -8*x**2 + 906*x - 19657. Determine j(84).
-1
Let p(d) = -10*d**3 - 470*d**2 - 232*d - 10908. Calculate p(-47).
-4
Let i(t) = -5*t**2 + 9527*t - 210905. Calculate i(1883).
-9
Let g(q) = q**3 + 20*q**2 + 89*q + 6. Determine g(-14).
-64
Let j(h) = h**3 - 7*h**2 - 212*h - 732. Give j(-6).
72
Let b(k) = 2*k**2 - 2230*k - 193786. Give b(-81).
-34
Let n(z) = 4*z**2 + 1334*z + 20189. What is n(-16)?
-131
Let m(s) = 9*s**2 - 125*s + 386. Give m(9).
-10
Let s(x) = -5*x**2 - 2251*x - 4970. Give s(-448).
-42
Let i(w) = -w**2 + 546*w - 71751. Determine i(326).
-31
Let m(s) = 293159*s - 1758974. Give m(6).
-20
Let w(u) = 3*u**2 + 2003*u + 12009. What is w(-6)?
99
Let l(f) = 5794*f + 724286. Determine l(-125).
36
Let y(m) = -3*m**2 - 571*m + 2923. What is y(5)?
-7
Let d(c) = -244899*c + 1224464. Give d(5).
-31
Let q(a) = a**2 + 605*a - 16728. What is q(28)?
996
Let v(p) = -2*p**3 + 49*p**2 - 7*p - 428. Give v(23).
998
Let v(r) = -r**2 - 110*r + 803. Give v(-119).
-268
Let w(r) = 18*r**3 - 12*r**2 + 257*r + 270. What is w(-1)?
-17
Let x(i) = -11*i**2 - 34*i + 207. Calculate x(-6).
15
Let p(q) = 5*q**3 - 9*q**2 + 652*q - 3897. Determine p(6).
771
Let p(q) = 494998*q + 495005. What is p(-1)?
7
Let x(y) = 12209*y - 8326518. Determine x(682).
20
Let f(a) = 1341*a**2 + 112639*a - 284. What is f(-84)?
136
Let n(b) = 136*b**3 - 1516*b**2 + 234*b - 3. Give n(11).
151
Let a(p) = -6*p**3 - p**2 + 290*p + 1. Determine a(-7).
-20
Let h(i) = -23*i**3 + 66*i**2 - 7*i + 75. Give h(6).
-2559
Let x(s) = -73*s**2 - 1187*s - 342. Give x(-16).
-38
Let h(k) = k**3 + 132*k**2 - 5855*k - 32445. Determine h(-5).
5
Let w(f) = 113*f**2 + 3061*f + 18. What is w(-27)?
-252
Let z(f) = 7*f**2 - 1397*f - 10124. Give z(-7).
-2
Let j(g) = g**2 + 292*g - 6223. Calculate j(20).
17
Let f(l) = l**2 - 173*l + 5967. Determine f(119).
-459
Let i(w) = 2750*w + 30649. What is i(-11)?
399
Let u(w) = -306*w + 4234. Give u(12).
562
Let o(h) = -186029*h + 1116172. Calculate o(6).
-2
Let q(u) = 755*u + 138462. What is q(-181)?
1807
Let f(y) = -y**3 + 34*y**2 + 2737*y + 103. What is f(-38)?
65
Let j(u) = -4420*u + 92816. Calculate j(21).
-4
Let f(p) = -2*p**3 - 309*p**2 + 1081*p + 46493. Calculate f(-157).
21
Let p(v) = -246572*v + 3945158. Calculate p(16).
6
Let l(u) = -833*u**2 - 23328*u - 24. Give l(-28).
88
Let b(t) = t**3 + 2485*t**2 + 19809*t - 55. Give b(-8).
1
Let